17c
In base 4, what is 0 + 2132?
2132
In base 14, what is -1 + 31?
30
In base 3, what is -112011 - -20?
-111221
In base 2, what is -10010000000101 - 0?
-10010000000101
In base 2, what is 100010100111 + -100?
100010100011
In base 10, what is -1 - 68?
-69
In base 5, what is 322 + -2?
320
In base 3, what is -201 - 1?
-202
In base 15, what is 28c - 2?
28a
In base 15, what is -20 + b3?
93
In base 14, what is 1 + a?
b
In base 12, what is -1a - 38?
-56
In base 16, what is -be - -1?
-bd
In base 5, what is 1 + -33?
-32
In base 13, what is 9168 - 4?
9164
In base 6, what is -32330 - 5?
-32335
In base 12, what is -4 + 9b?
97
In base 2, what is 10111000110 + 111?
10111001101
In base 5, what is 303 + 1?
304
In base 7, what is 6601 - 5?
6563
In base 3, what is -10 - 1002?
-1012
In base 5, what is -1 + -22?
-23
In base 15, what is -2d8a - 1?
-2d8b
In base 7, what is 3 - 213?
-210
In base 14, what is 4 + -b?
-7
In base 8, what is -4 + 131?
125
In base 15, what is 98 - -1?
99
In base 16, what is 295 + 1?
296
In base 3, what is -10 + -22?
-102
In base 2, what is -10010 + -10011?
-100101
In base 14, what is -4 - 24?
-28
In base 7, what is -311 + 40?
-241
In base 5, what is -1101 - -11?
-1040
In base 3, what is -120 + -101?
-221
In base 16, what is 7d + -4?
79
In base 11, what is 15 + 113?
128
In base 5, what is -1300404 - 4?
-1300413
In base 8, what is 1111 - -4?
1115
In base 9, what is -3 - -75?
72
In base 6, what is -100 + -1?
-101
In base 4, what is -10 - 111?
-121
In base 10, what is 16 - -1?
17
In base 2, what is -1001010001 - -100000?
-1000110001
In base 13, what is -19 - 189?
-1a5
In base 9, what is 7870 - 5?
7864
In base 5, what is -10 + 10141?
10131
In base 9, what is 0 - -30?
30
In base 16, what is 2 + 115?
117
In base 8, what is -560 - 6?
-566
In base 6, what is 22222 - -4?
22230
In base 3, what is -12122 + -122?
-20021
In base 16, what is -2 - -17e?
17c
In base 16, what is -14 - 1?
-15
In base 6, what is -1054 + 100?
-554
In base 10, what is -3 + 2143?
2140
In base 5, what is 232 - 3?
224
In base 5, what is 1311 - 10?
1301
In base 11, what is 5a29 - 0?
5a29
In base 2, what is -1 - 1001100?
-1001101
In base 12, what is -16 + -1?
-17
In base 7, what is 206 + 134?
343
In base 11, what is 77 + -4?
73
In base 12, what is 4 - -b8b?
b93
In base 8, what is -1455 + -4?
-1461
In base 11, what is 0 + -66?
-66
In base 8, what is -463 - -2?
-461
In base 12, what is 138b + 2?
1391
In base 3, what is 2121 - 2?
2112
In base 7, what is -4 - 44?
-51
In base 8, what is -35 + -76?
-133
In base 14, what is 87 - -3?
8a
In base 14, what is -5 - -26c?
267
In base 8, what is 13740 - -1?
13741
In base 12, what is 0 - 130?
-130
In base 13, what is 5 - -a45?
a4a
In base 5, what is 0 - 1010?
-1010
In base 8, what is -3 - 1445?
-1450
In base 11, what is -1 - -98?
97
In base 7, what is -124630 + -1?
-124631
In base 11, what is -156 - -10?
-146
In base 13, what is -434 + 2?
-432
In base 16, what is -4 - -20?
1c
In base 4, what is -11 - 23202?
-23213
In base 10, what is 15 - 61?
-46
In base 16, what is -3 + 49d?
49a
In base 5, what is -2 + -133?
-140
In base 8, what is -32 + 216?
164
In base 5, what is -1 - -1040?
1034
In base 14, what is 10ab - -4?
10b1
In base 8, what is -3 - 36?
-41
In base 2, what is -100 + -11011?
-11111
In base 5, what is -40 - -421?
331
In base 7, what is 5 + -42?
-34
In base 11, what is a - -6?
15
In base 16, what is 122 - 0?
122
In base 7, what is -5 - -14?
6
In base 14, what is bd + 8?
c7
In base 15, what is 0 - 542?
-542
In base 14, what is -5 + -1c?
-23
In base 8, what is -1141 + -35?
-1176
In base 8, what is 1 - 360?
-357
In base 12, what is -2 - -44?
42
In base 4, what is 0 - -11?
11
In base 14, what is 89 - 130?
-85
In base 5, what is -1 - -2133?
2132
In base 6, what is -2 + -21?
-23
In base 8, what is -4 + -656?
-662
In base 5, what is 104 + -2?
102
In base 3, what is 1001211 + 22?
1002010
In base 13, what is 173 + -8?
168
In base 5, what is -2202 - 0?
-2202
In base 4, what is -23 + 103?
20
In base 12, what is 1b6 - 5?
1b1
In base 5, what is 122 - 11323?
-11201
In base 15, what is 1 - b3?
-b2
In base 6, what is 23 + 412?
435
In base 11, what is -3 - -353?
350
In base 5, what is -234034 + -2?
-234041
In base 16, what is 4 - -47d?
481
In base 5, what is 1 + -100?
-44
In base 2, what is -111100010001 - 1?
-111100010010
In base 9, what is 0 - -48?
48
In base 12, what is 9aa4 + 2?
9aa6
In base 16, what is -ca - -14?
-b6
In base 14, what is 394 - -2?
396
In base 6, what is -20 + -45?
-105
In base 3, what is 1000020002 + -1?
1000020001
In base 4, what is -33230 - 10?
-33300
In base 8, what is 1702 - 2?
1700
In base 13, what is -4b + -8?
-56
In base 12, what is -52b - 0?
-52b
In base 11, what is a - -33?
42
In base 10, what is -470 + -16?
-486
In base 3, what is 20022 + -211?
12111
In base 9, what is 11 - 333?
-322
In base 10, what is -790 - 1?
-791
In base 14, what is -1a + -6?
-22
In base 13, what is b0 - 1?
ac
In base 3, what is 120000 - 202?
112021
In base 9, what is 3 - 1810?
-1806
In base 10, what is -2 + 6188?
6186
In base 4, what is -113133 - 0?
-113133
In base 11, what is 1a - -7?
26
In base 15, what is -1c85 - -2?
-1c83
In base 15, what is -c98 - 2?
-c9a
In base 7, what is -40 + -113?
-153
In base 11, what is 12 + 107?
119
In base 9, what is 14 + 354?
368
In base 16, what is -f + 22?
13
In base 16, what is -3fd + -4?
-401
In base 7, what is 0 + -1032?
-1032
In base 14, what is 0 + 1dc7?
1dc7
In base 6, what is 50 + 13?
103
In base 14, what is 4 + -27a0?
-279a
In base 12, what is 8254 + -2?
8252
In base 5, what is 3 - -112?
120
In base 6, what is -5 + -10322?
-10331
In base 8, what is 135 + -37?
76
In base 7, what is -56160 + -3?
-56163
In base 2, what is 1011 - 110?
101
In base 9, what is -4154 + -1?
-4155
In base 13, what is -10 - 2?
-12
In base 14, what is -4 - -531?
52b
In base 8, what is 251 + 3?
254
In base 13, what is -68 - 36?
-a1
In base 10, what is -5 + 3511?
3506
In base 12, what is 3 - 28?
-25
In base 12, what is 3b - 182?
-143
In base 9, what is 3544 + 1?
3545
In base 14, what is 42 + -4?
3c
In base 8, what is 5 - -7?
14
In base 12, what is 5 + 852?
857
In base 11, what is -6 - -1579?
1573
In base 12, what is -3 + 920?
919
In base 5, what is 3 + 10214?
10222
In base 12, what is -1b4 + 5?
-1ab
In base 15, what is -6 - -7e?
78
In base 11, what is -8a + -2?
-91
In base 16, what is -6 + -13a?
-140
In base 5, what is 2 - 10320?
-10313
In base 16, what is b8d - 0?
b8d
In base 4, what is -11 - -321211?
321200
In base 8, what is 3 + 174?
177
In base 5, what is -220 - -10?
-210
In base 5, what is 101224 - 1?
101223
In base 15, what is -26 - 82?
-a8
In base 8, what is 24 + 71?
115
In base 16, what is -13 + -7?
-1a
In base 5, what is 12342 + -10?
12332
In base 3, what is 220021 + 1001?
221022
In base 4, what is 2003133 - -11?
2003210
In base 11, what is 3583 + -4?
357a
In base 12, what is -186 - -1?
-185
In base 4, what is -222 - -31?
-131
In base 11, what is -114 + -25?
-139
In base 11, what is -aaa - 1?
-1000
In base 13, what is b03 - 1?
b02
In base 11, what is 85 + -5?
80
In base 9, what is 1 - 82?
-81
In base 8, what is -5 - -4372?
4365
In base 9, what is -152 - 5?
-157
In base 3, what is -11011 - 12?
-11100
In base 12, what is 2 - 17b8?
-17b6
In base 3, what is -210 + 10?
-200
In base 4, what is 1 - -110?
111
In base 4, what is -1020 - 312?
-1332
In base 14, what is 35 + 1?
36
In base 2, what is 100011 - 10001100?
-1101001
In base 10, what is -24 + -112?
-136
In base 2, what is 1000111001 - 11?
1000110110
In base 15, what is -28ab - -5?
-28a6
In base 11, what is 2 - 213?
-211
In base 6, what is -3 + 51211?
51204
In base 14, what is a42 - -4?
a46
In base 2, what is -1 + 1101110?
1101101
In base 14, what is 5 - -37c?
383
In base 12, what is -309 + 4?
-305
In base 15, what is 4 - -268?
26c
In base 12, what is -29 - 5?
-32
In base 3, what is -11110002 + 0?
-11110002
In base 4, what is 10 - 211?
-201
In base 5, what is 100 - 200?
-100
In base 9, what is -4 - -64?
60
In base 3, what is -2 - -202020?
202011
In base 13, what is -b - 17?
-25
In base 14, what is 542 + 5?
547
In base 7, what is -42 + -41?
-113
In base 4, what is 13023 - 11?
13012
In base 8, what is 2 + -224?
-222
In base 10, what is 15 - 145?
-130
In base 9, what is 171 - -6?
177
In